{"id":37278,"date":"2020-10-01T00:00:00","date_gmt":"2020-09-30T22:00:00","guid":{"rendered":"https:\/\/aebanca.es\/multimedia\/jose-maria-roldans-interview-on-radio-intereconomia\/"},"modified":"2026-04-08T17:34:23","modified_gmt":"2026-04-08T15:34:23","slug":"jose-maria-roldans-interview-on-radio-intereconomia","status":"publish","type":"multimedia","link":"https:\/\/aebanca.es\/en\/multimedia\/jose-maria-roldans-interview-on-radio-intereconomia\/","title":{"rendered":"Jos\u00e9 Mar\u00eda Rold\u00e1n&#8217;s Interview on Radio Intereconom\u00eda"},"content":{"rendered":"","protected":false},"excerpt":{"rendered":"<p>&#8220;The markets are not understanding the international diversification of banks, but they will do so gradually as results in the countries become known,&#8221; our president stated during his speech at the General Council of Economists of Spain.<\/p>\n","protected":false},"featured_media":0,"parent":0,"template":"","categorias-audio-programas":[],"categorias-multimedia":[766],"class_list":["post-37278","multimedia","type-multimedia","status-publish","hentry","categorias-multimedia-audio"],"yoast_head":"<!-- This site is optimized with the Yoast SEO plugin v27.4 - https:\/\/yoast.com\/product\/yoast-seo-wordpress\/ -->\n<title>Jos\u00e9 Mar\u00eda Rold\u00e1n&#039;s Interview on Radio Intereconom\u00eda - Asociaci\u00f3n Espa\u00f1ola de Banca<\/title>\n<meta name=\"robots\" content=\"index, follow, max-snippet:-1, max-image-preview:large, max-video-preview:-1\" \/>\n<link rel=\"canonical\" href=\"https:\/\/aebanca.es\/en\/multimedia\/jose-maria-roldans-interview-on-radio-intereconomia\/\" \/>\n<meta property=\"og:locale\" content=\"en_US\" \/>\n<meta property=\"og:type\" content=\"article\" \/>\n<meta property=\"og:title\" content=\"Jos\u00e9 Mar\u00eda Rold\u00e1n&#039;s Interview on Radio Intereconom\u00eda - Asociaci\u00f3n Espa\u00f1ola de Banca\" \/>\n<meta property=\"og:description\" content=\"&quot;The markets are not understanding the international diversification of banks, but they will do so gradually as results in the countries become known,&quot; our president stated during his speech at the General Council of Economists of Spain.\" \/>\n<meta property=\"og:url\" content=\"https:\/\/aebanca.es\/en\/multimedia\/jose-maria-roldans-interview-on-radio-intereconomia\/\" \/>\n<meta property=\"og:site_name\" content=\"Asociaci\u00f3n Espa\u00f1ola de Banca\" \/>\n<meta property=\"article:modified_time\" content=\"2026-04-08T15:34:23+00:00\" \/>\n<meta name=\"twitter:card\" content=\"summary_large_image\" \/>\n<meta name=\"twitter:site\" content=\"@aebanca\" \/>\n<script type=\"application\/ld+json\" class=\"yoast-schema-graph\">{\"@context\":\"https:\\\/\\\/schema.org\",\"@graph\":[{\"@type\":\"WebPage\",\"@id\":\"https:\\\/\\\/aebanca.es\\\/en\\\/multimedia\\\/jose-maria-roldans-interview-on-radio-intereconomia\\\/\",\"url\":\"https:\\\/\\\/aebanca.es\\\/en\\\/multimedia\\\/jose-maria-roldans-interview-on-radio-intereconomia\\\/\",\"name\":\"Jos\u00e9 Mar\u00eda Rold\u00e1n's Interview on Radio Intereconom\u00eda - Asociaci\u00f3n Espa\u00f1ola de Banca\",\"isPartOf\":{\"@id\":\"https:\\\/\\\/aebanca.es\\\/en\\\/#website\"},\"datePublished\":\"2020-09-30T22:00:00+00:00\",\"dateModified\":\"2026-04-08T15:34:23+00:00\",\"breadcrumb\":{\"@id\":\"https:\\\/\\\/aebanca.es\\\/en\\\/multimedia\\\/jose-maria-roldans-interview-on-radio-intereconomia\\\/#breadcrumb\"},\"inLanguage\":\"en-US\",\"potentialAction\":[{\"@type\":\"ReadAction\",\"target\":[\"https:\\\/\\\/aebanca.es\\\/en\\\/multimedia\\\/jose-maria-roldans-interview-on-radio-intereconomia\\\/\"]}]},{\"@type\":\"WebSite\",\"@id\":\"https:\\\/\\\/aebanca.es\\\/en\\\/#website\",\"url\":\"https:\\\/\\\/aebanca.es\\\/en\\\/\",\"name\":\"AEB\",\"description\":\"Asociaci\u00f3n Espa\u00f1ola de Banca\",\"publisher\":{\"@id\":\"https:\\\/\\\/aebanca.es\\\/en\\\/#organization\"},\"potentialAction\":[{\"@type\":\"SearchAction\",\"target\":{\"@type\":\"EntryPoint\",\"urlTemplate\":\"https:\\\/\\\/aebanca.es\\\/en\\\/?s={search_term_string}\"},\"query-input\":{\"@type\":\"PropertyValueSpecification\",\"valueRequired\":true,\"valueName\":\"search_term_string\"}}],\"inLanguage\":\"en-US\"},{\"@type\":\"Organization\",\"@id\":\"https:\\\/\\\/aebanca.es\\\/en\\\/#organization\",\"name\":\"AEB\",\"url\":\"https:\\\/\\\/aebanca.es\\\/en\\\/\",\"logo\":{\"@type\":\"ImageObject\",\"inLanguage\":\"en-US\",\"@id\":\"https:\\\/\\\/aebanca.es\\\/en\\\/#\\\/schema\\\/logo\\\/image\\\/\",\"url\":\"https:\\\/\\\/aebanca.es\\\/wp-content\\\/uploads\\\/2025\\\/07\\\/LOGO-AEB-menu.svg\",\"contentUrl\":\"https:\\\/\\\/aebanca.es\\\/wp-content\\\/uploads\\\/2025\\\/07\\\/LOGO-AEB-menu.svg\",\"width\":57,\"height\":22,\"caption\":\"AEB\"},\"image\":{\"@id\":\"https:\\\/\\\/aebanca.es\\\/en\\\/#\\\/schema\\\/logo\\\/image\\\/\"},\"sameAs\":[\"https:\\\/\\\/x.com\\\/aebanca\"]}]}<\/script>\n<!-- \/ Yoast SEO plugin. -->","yoast_head_json":{"title":"Jos\u00e9 Mar\u00eda Rold\u00e1n's Interview on Radio Intereconom\u00eda - Asociaci\u00f3n Espa\u00f1ola de Banca","robots":{"index":"index","follow":"follow","max-snippet":"max-snippet:-1","max-image-preview":"max-image-preview:large","max-video-preview":"max-video-preview:-1"},"canonical":"https:\/\/aebanca.es\/en\/multimedia\/jose-maria-roldans-interview-on-radio-intereconomia\/","og_locale":"en_US","og_type":"article","og_title":"Jos\u00e9 Mar\u00eda Rold\u00e1n's Interview on Radio Intereconom\u00eda - Asociaci\u00f3n Espa\u00f1ola de Banca","og_description":"\"The markets are not understanding the international diversification of banks, but they will do so gradually as results in the countries become known,\" our president stated during his speech at the General Council of Economists of Spain.","og_url":"https:\/\/aebanca.es\/en\/multimedia\/jose-maria-roldans-interview-on-radio-intereconomia\/","og_site_name":"Asociaci\u00f3n Espa\u00f1ola de Banca","article_modified_time":"2026-04-08T15:34:23+00:00","twitter_card":"summary_large_image","twitter_site":"@aebanca","schema":{"@context":"https:\/\/schema.org","@graph":[{"@type":"WebPage","@id":"https:\/\/aebanca.es\/en\/multimedia\/jose-maria-roldans-interview-on-radio-intereconomia\/","url":"https:\/\/aebanca.es\/en\/multimedia\/jose-maria-roldans-interview-on-radio-intereconomia\/","name":"Jos\u00e9 Mar\u00eda Rold\u00e1n's Interview on Radio Intereconom\u00eda - Asociaci\u00f3n Espa\u00f1ola de Banca","isPartOf":{"@id":"https:\/\/aebanca.es\/en\/#website"},"datePublished":"2020-09-30T22:00:00+00:00","dateModified":"2026-04-08T15:34:23+00:00","breadcrumb":{"@id":"https:\/\/aebanca.es\/en\/multimedia\/jose-maria-roldans-interview-on-radio-intereconomia\/#breadcrumb"},"inLanguage":"en-US","potentialAction":[{"@type":"ReadAction","target":["https:\/\/aebanca.es\/en\/multimedia\/jose-maria-roldans-interview-on-radio-intereconomia\/"]}]},{"@type":"WebSite","@id":"https:\/\/aebanca.es\/en\/#website","url":"https:\/\/aebanca.es\/en\/","name":"AEB","description":"Asociaci\u00f3n Espa\u00f1ola de Banca","publisher":{"@id":"https:\/\/aebanca.es\/en\/#organization"},"potentialAction":[{"@type":"SearchAction","target":{"@type":"EntryPoint","urlTemplate":"https:\/\/aebanca.es\/en\/?s={search_term_string}"},"query-input":{"@type":"PropertyValueSpecification","valueRequired":true,"valueName":"search_term_string"}}],"inLanguage":"en-US"},{"@type":"Organization","@id":"https:\/\/aebanca.es\/en\/#organization","name":"AEB","url":"https:\/\/aebanca.es\/en\/","logo":{"@type":"ImageObject","inLanguage":"en-US","@id":"https:\/\/aebanca.es\/en\/#\/schema\/logo\/image\/","url":"https:\/\/aebanca.es\/wp-content\/uploads\/2025\/07\/LOGO-AEB-menu.svg","contentUrl":"https:\/\/aebanca.es\/wp-content\/uploads\/2025\/07\/LOGO-AEB-menu.svg","width":57,"height":22,"caption":"AEB"},"image":{"@id":"https:\/\/aebanca.es\/en\/#\/schema\/logo\/image\/"},"sameAs":["https:\/\/x.com\/aebanca"]}]}},"_links":{"self":[{"href":"https:\/\/aebanca.es\/en\/wp-json\/wp\/v2\/multimedia\/37278","targetHints":{"allow":["GET"]}}],"collection":[{"href":"https:\/\/aebanca.es\/en\/wp-json\/wp\/v2\/multimedia"}],"about":[{"href":"https:\/\/aebanca.es\/en\/wp-json\/wp\/v2\/types\/multimedia"}],"version-history":[{"count":1,"href":"https:\/\/aebanca.es\/en\/wp-json\/wp\/v2\/multimedia\/37278\/revisions"}],"predecessor-version":[{"id":39009,"href":"https:\/\/aebanca.es\/en\/wp-json\/wp\/v2\/multimedia\/37278\/revisions\/39009"}],"wp:attachment":[{"href":"https:\/\/aebanca.es\/en\/wp-json\/wp\/v2\/media?parent=37278"}],"wp:term":[{"taxonomy":"categorias-audio-programas","embeddable":true,"href":"https:\/\/aebanca.es\/en\/wp-json\/wp\/v2\/categorias-audio-programas?post=37278"},{"taxonomy":"categorias-multimedia","embeddable":true,"href":"https:\/\/aebanca.es\/en\/wp-json\/wp\/v2\/categorias-multimedia?post=37278"}],"curies":[{"name":"wp","href":"https:\/\/api.w.org\/{rel}","templated":true}]}}

José María Roldán&#8217;s Interview on Radio Intereconomía

<!-- This site is optimized with the Yoast SEO plugin v27.4 - https://yoast.com/product/yoast-seo-wordpress/ -->
<title>José María Roldán&#039;s Interview on Radio Intereconomía - Asociación Española de Banca</title>
<meta name="robots" content="index, follow, max-snippet:-1, max-image-preview:large, max-video-preview:-1" />
<link rel="canonical" href="https://aebanca.es/en/multimedia/jose-maria-roldans-interview-on-radio-intereconomia/" />
<meta property="og:locale" content="en_US" />
<meta property="og:type" content="article" />
<meta property="og:title" content="José María Roldán&#039;s Interview on Radio Intereconomía - Asociación Española de Banca" />
<meta property="og:description" content="&quot;The markets are not understanding the international diversification of banks, but they will do so gradually as results in the countries become known,&quot; our president stated during his speech at the General Council of Economists of Spain." />
<meta property="og:url" content="https://aebanca.es/en/multimedia/jose-maria-roldans-interview-on-radio-intereconomia/" />
<meta property="og:site_name" content="Asociación Española de Banca" />
<meta property="article:modified_time" content="2026-04-08T15:34:23+00:00" />
<meta name="twitter:card" content="summary_large_image" />
<meta name="twitter:site" content="@aebanca" />
<script type="application/ld+json" class="yoast-schema-graph">{"@context":"https:\/\/schema.org","@graph":[{"@type":"WebPage","@id":"https:\/\/aebanca.es\/en\/multimedia\/jose-maria-roldans-interview-on-radio-intereconomia\/","url":"https:\/\/aebanca.es\/en\/multimedia\/jose-maria-roldans-interview-on-radio-intereconomia\/","name":"José María Roldán's Interview on Radio Intereconomía - Asociación Española de Banca","isPartOf":{"@id":"https:\/\/aebanca.es\/en\/#website"},"datePublished":"2020-09-30T22:00:00+00:00","dateModified":"2026-04-08T15:34:23+00:00","breadcrumb":{"@id":"https:\/\/aebanca.es\/en\/multimedia\/jose-maria-roldans-interview-on-radio-intereconomia\/#breadcrumb"},"inLanguage":"en-US","potentialAction":[{"@type":"ReadAction","target":["https:\/\/aebanca.es\/en\/multimedia\/jose-maria-roldans-interview-on-radio-intereconomia\/"]}]},{"@type":"WebSite","@id":"https:\/\/aebanca.es\/en\/#website","url":"https:\/\/aebanca.es\/en\/","name":"AEB","description":"Asociación Española de Banca","publisher":{"@id":"https:\/\/aebanca.es\/en\/#organization"},"potentialAction":[{"@type":"SearchAction","target":{"@type":"EntryPoint","urlTemplate":"https:\/\/aebanca.es\/en\/?s={search_term_string}"},"query-input":{"@type":"PropertyValueSpecification","valueRequired":true,"valueName":"search_term_string"}}],"inLanguage":"en-US"},{"@type":"Organization","@id":"https:\/\/aebanca.es\/en\/#organization","name":"AEB","url":"https:\/\/aebanca.es\/en\/","logo":{"@type":"ImageObject","inLanguage":"en-US","@id":"https:\/\/aebanca.es\/en\/#\/schema\/logo\/image\/","url":"https:\/\/aebanca.es\/wp-content\/uploads\/2025\/07\/LOGO-AEB-menu.svg","contentUrl":"https:\/\/aebanca.es\/wp-content\/uploads\/2025\/07\/LOGO-AEB-menu.svg","width":57,"height":22,"caption":"AEB"},"image":{"@id":"https:\/\/aebanca.es\/en\/#\/schema\/logo\/image\/"},"sameAs":["https:\/\/x.com\/aebanca"]}]}</script>
<!-- / Yoast SEO plugin. -->

José María Roldán's Interview on Radio Intereconomía - Asociación Española de Banca

Asociación Española de Banca
