{"id":37263,"date":"2022-08-31T00:00:00","date_gmt":"2022-08-30T22:00:00","guid":{"rendered":"https:\/\/aebanca.es\/multimedia\/interview-with-the-spokesperson-on-cadena-ser\/"},"modified":"2026-04-08T17:34:16","modified_gmt":"2026-04-08T15:34:16","slug":"interview-with-the-spokesperson-on-cadena-ser","status":"publish","type":"multimedia","link":"https:\/\/aebanca.es\/en\/multimedia\/interview-with-the-spokesperson-on-cadena-ser\/","title":{"rendered":"Interview with the spokesperson on Cadena Ser"},"content":{"rendered":"","protected":false},"excerpt":{"rendered":"<p>Jos\u00e9 Luis Mart\u00ednez analyses the new tax on the banking sector announced by the Government on the programme &#8216;Hoy por hoy&#8217;.<\/p>\n","protected":false},"featured_media":0,"parent":0,"template":"","categorias-audio-programas":[],"categorias-multimedia":[766],"class_list":["post-37263","multimedia","type-multimedia","status-publish","hentry","categorias-multimedia-audio"],"yoast_head":"<!-- This site is optimized with the Yoast SEO plugin v27.4 - https:\/\/yoast.com\/product\/yoast-seo-wordpress\/ -->\n<title>Interview with the spokesperson on Cadena Ser - Asociaci\u00f3n Espa\u00f1ola de Banca<\/title>\n<meta name=\"robots\" content=\"index, follow, max-snippet:-1, max-image-preview:large, max-video-preview:-1\" \/>\n<link rel=\"canonical\" href=\"https:\/\/aebanca.es\/en\/multimedia\/interview-with-the-spokesperson-on-cadena-ser\/\" \/>\n<meta property=\"og:locale\" content=\"en_US\" \/>\n<meta property=\"og:type\" content=\"article\" \/>\n<meta property=\"og:title\" content=\"Interview with the spokesperson on Cadena Ser - Asociaci\u00f3n Espa\u00f1ola de Banca\" \/>\n<meta property=\"og:description\" content=\"Jos\u00e9 Luis Mart\u00ednez analyses the new tax on the banking sector announced by the Government on the programme &#039;Hoy por hoy&#039;.\" \/>\n<meta property=\"og:url\" content=\"https:\/\/aebanca.es\/en\/multimedia\/interview-with-the-spokesperson-on-cadena-ser\/\" \/>\n<meta property=\"og:site_name\" content=\"Asociaci\u00f3n Espa\u00f1ola de Banca\" \/>\n<meta property=\"article:modified_time\" content=\"2026-04-08T15:34:16+00:00\" \/>\n<meta name=\"twitter:card\" content=\"summary_large_image\" \/>\n<meta name=\"twitter:site\" content=\"@aebanca\" \/>\n<script type=\"application\/ld+json\" class=\"yoast-schema-graph\">{\"@context\":\"https:\\\/\\\/schema.org\",\"@graph\":[{\"@type\":\"WebPage\",\"@id\":\"https:\\\/\\\/aebanca.es\\\/en\\\/multimedia\\\/interview-with-the-spokesperson-on-cadena-ser\\\/\",\"url\":\"https:\\\/\\\/aebanca.es\\\/en\\\/multimedia\\\/interview-with-the-spokesperson-on-cadena-ser\\\/\",\"name\":\"Interview with the spokesperson on Cadena Ser - Asociaci\u00f3n Espa\u00f1ola de Banca\",\"isPartOf\":{\"@id\":\"https:\\\/\\\/aebanca.es\\\/en\\\/#website\"},\"datePublished\":\"2022-08-30T22:00:00+00:00\",\"dateModified\":\"2026-04-08T15:34:16+00:00\",\"breadcrumb\":{\"@id\":\"https:\\\/\\\/aebanca.es\\\/en\\\/multimedia\\\/interview-with-the-spokesperson-on-cadena-ser\\\/#breadcrumb\"},\"inLanguage\":\"en-US\",\"potentialAction\":[{\"@type\":\"ReadAction\",\"target\":[\"https:\\\/\\\/aebanca.es\\\/en\\\/multimedia\\\/interview-with-the-spokesperson-on-cadena-ser\\\/\"]}]},{\"@type\":\"WebSite\",\"@id\":\"https:\\\/\\\/aebanca.es\\\/en\\\/#website\",\"url\":\"https:\\\/\\\/aebanca.es\\\/en\\\/\",\"name\":\"AEB\",\"description\":\"Asociaci\u00f3n Espa\u00f1ola de Banca\",\"publisher\":{\"@id\":\"https:\\\/\\\/aebanca.es\\\/en\\\/#organization\"},\"potentialAction\":[{\"@type\":\"SearchAction\",\"target\":{\"@type\":\"EntryPoint\",\"urlTemplate\":\"https:\\\/\\\/aebanca.es\\\/en\\\/?s={search_term_string}\"},\"query-input\":{\"@type\":\"PropertyValueSpecification\",\"valueRequired\":true,\"valueName\":\"search_term_string\"}}],\"inLanguage\":\"en-US\"},{\"@type\":\"Organization\",\"@id\":\"https:\\\/\\\/aebanca.es\\\/en\\\/#organization\",\"name\":\"AEB\",\"url\":\"https:\\\/\\\/aebanca.es\\\/en\\\/\",\"logo\":{\"@type\":\"ImageObject\",\"inLanguage\":\"en-US\",\"@id\":\"https:\\\/\\\/aebanca.es\\\/en\\\/#\\\/schema\\\/logo\\\/image\\\/\",\"url\":\"https:\\\/\\\/aebanca.es\\\/wp-content\\\/uploads\\\/2025\\\/07\\\/LOGO-AEB-menu.svg\",\"contentUrl\":\"https:\\\/\\\/aebanca.es\\\/wp-content\\\/uploads\\\/2025\\\/07\\\/LOGO-AEB-menu.svg\",\"width\":57,\"height\":22,\"caption\":\"AEB\"},\"image\":{\"@id\":\"https:\\\/\\\/aebanca.es\\\/en\\\/#\\\/schema\\\/logo\\\/image\\\/\"},\"sameAs\":[\"https:\\\/\\\/x.com\\\/aebanca\"]}]}<\/script>\n<!-- \/ Yoast SEO plugin. -->","yoast_head_json":{"title":"Interview with the spokesperson on Cadena Ser - Asociaci\u00f3n Espa\u00f1ola de Banca","robots":{"index":"index","follow":"follow","max-snippet":"max-snippet:-1","max-image-preview":"max-image-preview:large","max-video-preview":"max-video-preview:-1"},"canonical":"https:\/\/aebanca.es\/en\/multimedia\/interview-with-the-spokesperson-on-cadena-ser\/","og_locale":"en_US","og_type":"article","og_title":"Interview with the spokesperson on Cadena Ser - Asociaci\u00f3n Espa\u00f1ola de Banca","og_description":"Jos\u00e9 Luis Mart\u00ednez analyses the new tax on the banking sector announced by the Government on the programme 'Hoy por hoy'.","og_url":"https:\/\/aebanca.es\/en\/multimedia\/interview-with-the-spokesperson-on-cadena-ser\/","og_site_name":"Asociaci\u00f3n Espa\u00f1ola de Banca","article_modified_time":"2026-04-08T15:34:16+00:00","twitter_card":"summary_large_image","twitter_site":"@aebanca","schema":{"@context":"https:\/\/schema.org","@graph":[{"@type":"WebPage","@id":"https:\/\/aebanca.es\/en\/multimedia\/interview-with-the-spokesperson-on-cadena-ser\/","url":"https:\/\/aebanca.es\/en\/multimedia\/interview-with-the-spokesperson-on-cadena-ser\/","name":"Interview with the spokesperson on Cadena Ser - Asociaci\u00f3n Espa\u00f1ola de Banca","isPartOf":{"@id":"https:\/\/aebanca.es\/en\/#website"},"datePublished":"2022-08-30T22:00:00+00:00","dateModified":"2026-04-08T15:34:16+00:00","breadcrumb":{"@id":"https:\/\/aebanca.es\/en\/multimedia\/interview-with-the-spokesperson-on-cadena-ser\/#breadcrumb"},"inLanguage":"en-US","potentialAction":[{"@type":"ReadAction","target":["https:\/\/aebanca.es\/en\/multimedia\/interview-with-the-spokesperson-on-cadena-ser\/"]}]},{"@type":"WebSite","@id":"https:\/\/aebanca.es\/en\/#website","url":"https:\/\/aebanca.es\/en\/","name":"AEB","description":"Asociaci\u00f3n Espa\u00f1ola de Banca","publisher":{"@id":"https:\/\/aebanca.es\/en\/#organization"},"potentialAction":[{"@type":"SearchAction","target":{"@type":"EntryPoint","urlTemplate":"https:\/\/aebanca.es\/en\/?s={search_term_string}"},"query-input":{"@type":"PropertyValueSpecification","valueRequired":true,"valueName":"search_term_string"}}],"inLanguage":"en-US"},{"@type":"Organization","@id":"https:\/\/aebanca.es\/en\/#organization","name":"AEB","url":"https:\/\/aebanca.es\/en\/","logo":{"@type":"ImageObject","inLanguage":"en-US","@id":"https:\/\/aebanca.es\/en\/#\/schema\/logo\/image\/","url":"https:\/\/aebanca.es\/wp-content\/uploads\/2025\/07\/LOGO-AEB-menu.svg","contentUrl":"https:\/\/aebanca.es\/wp-content\/uploads\/2025\/07\/LOGO-AEB-menu.svg","width":57,"height":22,"caption":"AEB"},"image":{"@id":"https:\/\/aebanca.es\/en\/#\/schema\/logo\/image\/"},"sameAs":["https:\/\/x.com\/aebanca"]}]}},"_links":{"self":[{"href":"https:\/\/aebanca.es\/en\/wp-json\/wp\/v2\/multimedia\/37263","targetHints":{"allow":["GET"]}}],"collection":[{"href":"https:\/\/aebanca.es\/en\/wp-json\/wp\/v2\/multimedia"}],"about":[{"href":"https:\/\/aebanca.es\/en\/wp-json\/wp\/v2\/types\/multimedia"}],"version-history":[{"count":1,"href":"https:\/\/aebanca.es\/en\/wp-json\/wp\/v2\/multimedia\/37263\/revisions"}],"predecessor-version":[{"id":38990,"href":"https:\/\/aebanca.es\/en\/wp-json\/wp\/v2\/multimedia\/37263\/revisions\/38990"}],"wp:attachment":[{"href":"https:\/\/aebanca.es\/en\/wp-json\/wp\/v2\/media?parent=37263"}],"wp:term":[{"taxonomy":"categorias-audio-programas","embeddable":true,"href":"https:\/\/aebanca.es\/en\/wp-json\/wp\/v2\/categorias-audio-programas?post=37263"},{"taxonomy":"categorias-multimedia","embeddable":true,"href":"https:\/\/aebanca.es\/en\/wp-json\/wp\/v2\/categorias-multimedia?post=37263"}],"curies":[{"name":"wp","href":"https:\/\/api.w.org\/{rel}","templated":true}]}}

<p>José Luis Martínez analyses the new tax on the banking sector announced by the Government on the programme &#8216;Hoy por hoy&#8217;.</p>

<!-- This site is optimized with the Yoast SEO plugin v27.4 - https://yoast.com/product/yoast-seo-wordpress/ -->
<title>Interview with the spokesperson on Cadena Ser - Asociación Española de Banca</title>
<meta name="robots" content="index, follow, max-snippet:-1, max-image-preview:large, max-video-preview:-1" />
<link rel="canonical" href="https://aebanca.es/en/multimedia/interview-with-the-spokesperson-on-cadena-ser/" />
<meta property="og:locale" content="en_US" />
<meta property="og:type" content="article" />
<meta property="og:title" content="Interview with the spokesperson on Cadena Ser - Asociación Española de Banca" />
<meta property="og:description" content="José Luis Martínez analyses the new tax on the banking sector announced by the Government on the programme &#039;Hoy por hoy&#039;." />
<meta property="og:url" content="https://aebanca.es/en/multimedia/interview-with-the-spokesperson-on-cadena-ser/" />
<meta property="og:site_name" content="Asociación Española de Banca" />
<meta property="article:modified_time" content="2026-04-08T15:34:16+00:00" />
<meta name="twitter:card" content="summary_large_image" />
<meta name="twitter:site" content="@aebanca" />
<script type="application/ld+json" class="yoast-schema-graph">{"@context":"https:\/\/schema.org","@graph":[{"@type":"WebPage","@id":"https:\/\/aebanca.es\/en\/multimedia\/interview-with-the-spokesperson-on-cadena-ser\/","url":"https:\/\/aebanca.es\/en\/multimedia\/interview-with-the-spokesperson-on-cadena-ser\/","name":"Interview with the spokesperson on Cadena Ser - Asociación Española de Banca","isPartOf":{"@id":"https:\/\/aebanca.es\/en\/#website"},"datePublished":"2022-08-30T22:00:00+00:00","dateModified":"2026-04-08T15:34:16+00:00","breadcrumb":{"@id":"https:\/\/aebanca.es\/en\/multimedia\/interview-with-the-spokesperson-on-cadena-ser\/#breadcrumb"},"inLanguage":"en-US","potentialAction":[{"@type":"ReadAction","target":["https:\/\/aebanca.es\/en\/multimedia\/interview-with-the-spokesperson-on-cadena-ser\/"]}]},{"@type":"WebSite","@id":"https:\/\/aebanca.es\/en\/#website","url":"https:\/\/aebanca.es\/en\/","name":"AEB","description":"Asociación Española de Banca","publisher":{"@id":"https:\/\/aebanca.es\/en\/#organization"},"potentialAction":[{"@type":"SearchAction","target":{"@type":"EntryPoint","urlTemplate":"https:\/\/aebanca.es\/en\/?s={search_term_string}"},"query-input":{"@type":"PropertyValueSpecification","valueRequired":true,"valueName":"search_term_string"}}],"inLanguage":"en-US"},{"@type":"Organization","@id":"https:\/\/aebanca.es\/en\/#organization","name":"AEB","url":"https:\/\/aebanca.es\/en\/","logo":{"@type":"ImageObject","inLanguage":"en-US","@id":"https:\/\/aebanca.es\/en\/#\/schema\/logo\/image\/","url":"https:\/\/aebanca.es\/wp-content\/uploads\/2025\/07\/LOGO-AEB-menu.svg","contentUrl":"https:\/\/aebanca.es\/wp-content\/uploads\/2025\/07\/LOGO-AEB-menu.svg","width":57,"height":22,"caption":"AEB"},"image":{"@id":"https:\/\/aebanca.es\/en\/#\/schema\/logo\/image\/"},"sameAs":["https:\/\/x.com\/aebanca"]}]}</script>
<!-- / Yoast SEO plugin. -->

Interview with the spokesperson on Cadena Ser - Asociación Española de Banca

José Luis Martínez analyses the new tax on the banking sector announced by the Government on the programme 'Hoy por hoy'.

Asociación Española de Banca
