{"id":34662,"date":"2024-12-03T00:00:00","date_gmt":"2024-12-02T23:00:00","guid":{"rendered":"https:\/\/aebanca.es\/multimedia\/interview-with-alejandra-kindelan-on-radio-intereconomia\/"},"modified":"2026-04-08T17:34:14","modified_gmt":"2026-04-08T15:34:14","slug":"interview-with-alejandra-kindelan-on-radio-intereconomia","status":"publish","type":"multimedia","link":"https:\/\/aebanca.es\/en\/multimedia\/interview-with-alejandra-kindelan-on-radio-intereconomia\/","title":{"rendered":"Interview with Alejandra Kindel\u00e1n on Radio Intereconom\u00eda"},"content":{"rendered":"","protected":false},"excerpt":{"rendered":"<p>On the occasion of &#8216;International Banking Day&#8217;, celebrated on December 4, our President, Alejandra Kindel\u00e1n, reviews the current state of the banking sector and its role in economic and social progress in this interview.<\/p>\n","protected":false},"featured_media":0,"parent":0,"template":"","categorias-audio-programas":[],"categorias-multimedia":[766],"class_list":["post-34662","multimedia","type-multimedia","status-publish","hentry","categorias-multimedia-audio"],"yoast_head":"<!-- This site is optimized with the Yoast SEO plugin v27.4 - https:\/\/yoast.com\/product\/yoast-seo-wordpress\/ -->\n<title>Interview with Alejandra Kindel\u00e1n on Radio Intereconom\u00eda - Asociaci\u00f3n Espa\u00f1ola de Banca<\/title>\n<meta name=\"robots\" content=\"index, follow, max-snippet:-1, max-image-preview:large, max-video-preview:-1\" \/>\n<link rel=\"canonical\" href=\"https:\/\/aebanca.es\/en\/multimedia\/interview-with-alejandra-kindelan-on-radio-intereconomia\/\" \/>\n<meta property=\"og:locale\" content=\"en_US\" \/>\n<meta property=\"og:type\" content=\"article\" \/>\n<meta property=\"og:title\" content=\"Interview with Alejandra Kindel\u00e1n on Radio Intereconom\u00eda - Asociaci\u00f3n Espa\u00f1ola de Banca\" \/>\n<meta property=\"og:description\" content=\"On the occasion of &#039;International Banking Day&#039;, celebrated on December 4, our President, Alejandra Kindel\u00e1n, reviews the current state of the banking sector and its role in economic and social progress in this interview.\" \/>\n<meta property=\"og:url\" content=\"https:\/\/aebanca.es\/en\/multimedia\/interview-with-alejandra-kindelan-on-radio-intereconomia\/\" \/>\n<meta property=\"og:site_name\" content=\"Asociaci\u00f3n Espa\u00f1ola de Banca\" \/>\n<meta property=\"article:modified_time\" content=\"2026-04-08T15:34:14+00:00\" \/>\n<meta name=\"twitter:card\" content=\"summary_large_image\" \/>\n<meta name=\"twitter:site\" content=\"@aebanca\" \/>\n<script type=\"application\/ld+json\" class=\"yoast-schema-graph\">{\"@context\":\"https:\\\/\\\/schema.org\",\"@graph\":[{\"@type\":\"WebPage\",\"@id\":\"https:\\\/\\\/aebanca.es\\\/en\\\/multimedia\\\/interview-with-alejandra-kindelan-on-radio-intereconomia\\\/\",\"url\":\"https:\\\/\\\/aebanca.es\\\/en\\\/multimedia\\\/interview-with-alejandra-kindelan-on-radio-intereconomia\\\/\",\"name\":\"Interview with Alejandra Kindel\u00e1n on Radio Intereconom\u00eda - Asociaci\u00f3n Espa\u00f1ola de Banca\",\"isPartOf\":{\"@id\":\"https:\\\/\\\/aebanca.es\\\/en\\\/#website\"},\"datePublished\":\"2024-12-02T23:00:00+00:00\",\"dateModified\":\"2026-04-08T15:34:14+00:00\",\"breadcrumb\":{\"@id\":\"https:\\\/\\\/aebanca.es\\\/en\\\/multimedia\\\/interview-with-alejandra-kindelan-on-radio-intereconomia\\\/#breadcrumb\"},\"inLanguage\":\"en-US\",\"potentialAction\":[{\"@type\":\"ReadAction\",\"target\":[\"https:\\\/\\\/aebanca.es\\\/en\\\/multimedia\\\/interview-with-alejandra-kindelan-on-radio-intereconomia\\\/\"]}]},{\"@type\":\"WebSite\",\"@id\":\"https:\\\/\\\/aebanca.es\\\/en\\\/#website\",\"url\":\"https:\\\/\\\/aebanca.es\\\/en\\\/\",\"name\":\"AEB\",\"description\":\"Asociaci\u00f3n Espa\u00f1ola de Banca\",\"publisher\":{\"@id\":\"https:\\\/\\\/aebanca.es\\\/en\\\/#organization\"},\"potentialAction\":[{\"@type\":\"SearchAction\",\"target\":{\"@type\":\"EntryPoint\",\"urlTemplate\":\"https:\\\/\\\/aebanca.es\\\/en\\\/?s={search_term_string}\"},\"query-input\":{\"@type\":\"PropertyValueSpecification\",\"valueRequired\":true,\"valueName\":\"search_term_string\"}}],\"inLanguage\":\"en-US\"},{\"@type\":\"Organization\",\"@id\":\"https:\\\/\\\/aebanca.es\\\/en\\\/#organization\",\"name\":\"AEB\",\"url\":\"https:\\\/\\\/aebanca.es\\\/en\\\/\",\"logo\":{\"@type\":\"ImageObject\",\"inLanguage\":\"en-US\",\"@id\":\"https:\\\/\\\/aebanca.es\\\/en\\\/#\\\/schema\\\/logo\\\/image\\\/\",\"url\":\"https:\\\/\\\/aebanca.es\\\/wp-content\\\/uploads\\\/2025\\\/07\\\/LOGO-AEB-menu.svg\",\"contentUrl\":\"https:\\\/\\\/aebanca.es\\\/wp-content\\\/uploads\\\/2025\\\/07\\\/LOGO-AEB-menu.svg\",\"width\":57,\"height\":22,\"caption\":\"AEB\"},\"image\":{\"@id\":\"https:\\\/\\\/aebanca.es\\\/en\\\/#\\\/schema\\\/logo\\\/image\\\/\"},\"sameAs\":[\"https:\\\/\\\/x.com\\\/aebanca\"]}]}<\/script>\n<!-- \/ Yoast SEO plugin. -->","yoast_head_json":{"title":"Interview with Alejandra Kindel\u00e1n on Radio Intereconom\u00eda - Asociaci\u00f3n Espa\u00f1ola de Banca","robots":{"index":"index","follow":"follow","max-snippet":"max-snippet:-1","max-image-preview":"max-image-preview:large","max-video-preview":"max-video-preview:-1"},"canonical":"https:\/\/aebanca.es\/en\/multimedia\/interview-with-alejandra-kindelan-on-radio-intereconomia\/","og_locale":"en_US","og_type":"article","og_title":"Interview with Alejandra Kindel\u00e1n on Radio Intereconom\u00eda - Asociaci\u00f3n Espa\u00f1ola de Banca","og_description":"On the occasion of 'International Banking Day', celebrated on December 4, our President, Alejandra Kindel\u00e1n, reviews the current state of the banking sector and its role in economic and social progress in this interview.","og_url":"https:\/\/aebanca.es\/en\/multimedia\/interview-with-alejandra-kindelan-on-radio-intereconomia\/","og_site_name":"Asociaci\u00f3n Espa\u00f1ola de Banca","article_modified_time":"2026-04-08T15:34:14+00:00","twitter_card":"summary_large_image","twitter_site":"@aebanca","schema":{"@context":"https:\/\/schema.org","@graph":[{"@type":"WebPage","@id":"https:\/\/aebanca.es\/en\/multimedia\/interview-with-alejandra-kindelan-on-radio-intereconomia\/","url":"https:\/\/aebanca.es\/en\/multimedia\/interview-with-alejandra-kindelan-on-radio-intereconomia\/","name":"Interview with Alejandra Kindel\u00e1n on Radio Intereconom\u00eda - Asociaci\u00f3n Espa\u00f1ola de Banca","isPartOf":{"@id":"https:\/\/aebanca.es\/en\/#website"},"datePublished":"2024-12-02T23:00:00+00:00","dateModified":"2026-04-08T15:34:14+00:00","breadcrumb":{"@id":"https:\/\/aebanca.es\/en\/multimedia\/interview-with-alejandra-kindelan-on-radio-intereconomia\/#breadcrumb"},"inLanguage":"en-US","potentialAction":[{"@type":"ReadAction","target":["https:\/\/aebanca.es\/en\/multimedia\/interview-with-alejandra-kindelan-on-radio-intereconomia\/"]}]},{"@type":"WebSite","@id":"https:\/\/aebanca.es\/en\/#website","url":"https:\/\/aebanca.es\/en\/","name":"AEB","description":"Asociaci\u00f3n Espa\u00f1ola de Banca","publisher":{"@id":"https:\/\/aebanca.es\/en\/#organization"},"potentialAction":[{"@type":"SearchAction","target":{"@type":"EntryPoint","urlTemplate":"https:\/\/aebanca.es\/en\/?s={search_term_string}"},"query-input":{"@type":"PropertyValueSpecification","valueRequired":true,"valueName":"search_term_string"}}],"inLanguage":"en-US"},{"@type":"Organization","@id":"https:\/\/aebanca.es\/en\/#organization","name":"AEB","url":"https:\/\/aebanca.es\/en\/","logo":{"@type":"ImageObject","inLanguage":"en-US","@id":"https:\/\/aebanca.es\/en\/#\/schema\/logo\/image\/","url":"https:\/\/aebanca.es\/wp-content\/uploads\/2025\/07\/LOGO-AEB-menu.svg","contentUrl":"https:\/\/aebanca.es\/wp-content\/uploads\/2025\/07\/LOGO-AEB-menu.svg","width":57,"height":22,"caption":"AEB"},"image":{"@id":"https:\/\/aebanca.es\/en\/#\/schema\/logo\/image\/"},"sameAs":["https:\/\/x.com\/aebanca"]}]}},"_links":{"self":[{"href":"https:\/\/aebanca.es\/en\/wp-json\/wp\/v2\/multimedia\/34662","targetHints":{"allow":["GET"]}}],"collection":[{"href":"https:\/\/aebanca.es\/en\/wp-json\/wp\/v2\/multimedia"}],"about":[{"href":"https:\/\/aebanca.es\/en\/wp-json\/wp\/v2\/types\/multimedia"}],"version-history":[{"count":1,"href":"https:\/\/aebanca.es\/en\/wp-json\/wp\/v2\/multimedia\/34662\/revisions"}],"predecessor-version":[{"id":38989,"href":"https:\/\/aebanca.es\/en\/wp-json\/wp\/v2\/multimedia\/34662\/revisions\/38989"}],"wp:attachment":[{"href":"https:\/\/aebanca.es\/en\/wp-json\/wp\/v2\/media?parent=34662"}],"wp:term":[{"taxonomy":"categorias-audio-programas","embeddable":true,"href":"https:\/\/aebanca.es\/en\/wp-json\/wp\/v2\/categorias-audio-programas?post=34662"},{"taxonomy":"categorias-multimedia","embeddable":true,"href":"https:\/\/aebanca.es\/en\/wp-json\/wp\/v2\/categorias-multimedia?post=34662"}],"curies":[{"name":"wp","href":"https:\/\/api.w.org\/{rel}","templated":true}]}}

Interview with Alejandra Kindelán on Radio Intereconomía

<p>On the occasion of &#8216;International Banking Day&#8217;, celebrated on December 4, our President, Alejandra Kindelán, reviews the current state of the banking sector and its role in economic and social progress in this interview.</p>

<!-- This site is optimized with the Yoast SEO plugin v27.4 - https://yoast.com/product/yoast-seo-wordpress/ -->
<title>Interview with Alejandra Kindelán on Radio Intereconomía - Asociación Española de Banca</title>
<meta name="robots" content="index, follow, max-snippet:-1, max-image-preview:large, max-video-preview:-1" />
<link rel="canonical" href="https://aebanca.es/en/multimedia/interview-with-alejandra-kindelan-on-radio-intereconomia/" />
<meta property="og:locale" content="en_US" />
<meta property="og:type" content="article" />
<meta property="og:title" content="Interview with Alejandra Kindelán on Radio Intereconomía - Asociación Española de Banca" />
<meta property="og:description" content="On the occasion of &#039;International Banking Day&#039;, celebrated on December 4, our President, Alejandra Kindelán, reviews the current state of the banking sector and its role in economic and social progress in this interview." />
<meta property="og:url" content="https://aebanca.es/en/multimedia/interview-with-alejandra-kindelan-on-radio-intereconomia/" />
<meta property="og:site_name" content="Asociación Española de Banca" />
<meta property="article:modified_time" content="2026-04-08T15:34:14+00:00" />
<meta name="twitter:card" content="summary_large_image" />
<meta name="twitter:site" content="@aebanca" />
<script type="application/ld+json" class="yoast-schema-graph">{"@context":"https:\/\/schema.org","@graph":[{"@type":"WebPage","@id":"https:\/\/aebanca.es\/en\/multimedia\/interview-with-alejandra-kindelan-on-radio-intereconomia\/","url":"https:\/\/aebanca.es\/en\/multimedia\/interview-with-alejandra-kindelan-on-radio-intereconomia\/","name":"Interview with Alejandra Kindelán on Radio Intereconomía - Asociación Española de Banca","isPartOf":{"@id":"https:\/\/aebanca.es\/en\/#website"},"datePublished":"2024-12-02T23:00:00+00:00","dateModified":"2026-04-08T15:34:14+00:00","breadcrumb":{"@id":"https:\/\/aebanca.es\/en\/multimedia\/interview-with-alejandra-kindelan-on-radio-intereconomia\/#breadcrumb"},"inLanguage":"en-US","potentialAction":[{"@type":"ReadAction","target":["https:\/\/aebanca.es\/en\/multimedia\/interview-with-alejandra-kindelan-on-radio-intereconomia\/"]}]},{"@type":"WebSite","@id":"https:\/\/aebanca.es\/en\/#website","url":"https:\/\/aebanca.es\/en\/","name":"AEB","description":"Asociación Española de Banca","publisher":{"@id":"https:\/\/aebanca.es\/en\/#organization"},"potentialAction":[{"@type":"SearchAction","target":{"@type":"EntryPoint","urlTemplate":"https:\/\/aebanca.es\/en\/?s={search_term_string}"},"query-input":{"@type":"PropertyValueSpecification","valueRequired":true,"valueName":"search_term_string"}}],"inLanguage":"en-US"},{"@type":"Organization","@id":"https:\/\/aebanca.es\/en\/#organization","name":"AEB","url":"https:\/\/aebanca.es\/en\/","logo":{"@type":"ImageObject","inLanguage":"en-US","@id":"https:\/\/aebanca.es\/en\/#\/schema\/logo\/image\/","url":"https:\/\/aebanca.es\/wp-content\/uploads\/2025\/07\/LOGO-AEB-menu.svg","contentUrl":"https:\/\/aebanca.es\/wp-content\/uploads\/2025\/07\/LOGO-AEB-menu.svg","width":57,"height":22,"caption":"AEB"},"image":{"@id":"https:\/\/aebanca.es\/en\/#\/schema\/logo\/image\/"},"sameAs":["https:\/\/x.com\/aebanca"]}]}</script>
<!-- / Yoast SEO plugin. -->

Interview with Alejandra Kindelán on Radio Intereconomía - Asociación Española de Banca

On the occasion of 'International Banking Day', celebrated on December 4, our President, Alejandra Kindelán, reviews the current state of the banking sector and its role in economic and social progress in this interview.

Asociación Española de Banca
