{"version":"1.0","provider_name":"Asociaci\u00f3n Espa\u00f1ola de Banca","provider_url":"https:\/\/aebanca.es\/en\/","title":"Interview with Alejandra Kindel\u00e1n on Radio Intereconom\u00eda - Asociaci\u00f3n Espa\u00f1ola de Banca","type":"rich","width":600,"height":338,"html":"<blockquote class=\"wp-embedded-content\" data-secret=\"3csRTlEzi1\"><a href=\"https:\/\/aebanca.es\/en\/multimedia\/interview-with-alejandra-kindelan-on-radio-intereconomia\/\">Interview with Alejandra Kindel\u00e1n on Radio Intereconom\u00eda<\/a><\/blockquote><iframe sandbox=\"allow-scripts\" security=\"restricted\" src=\"https:\/\/aebanca.es\/en\/multimedia\/interview-with-alejandra-kindelan-on-radio-intereconomia\/embed\/#?secret=3csRTlEzi1\" width=\"600\" height=\"338\" title=\"&#8220;Interview with Alejandra Kindel\u00e1n on Radio Intereconom\u00eda&#8221; &#8212; Asociaci\u00f3n Espa\u00f1ola de Banca\" data-secret=\"3csRTlEzi1\" frameborder=\"0\" marginwidth=\"0\" marginheight=\"0\" scrolling=\"no\" class=\"wp-embedded-content\"><\/iframe><script>\n\/*! This file is auto-generated *\/\n!function(d,l){\"use strict\";l.querySelector&&d.addEventListener&&\"undefined\"!=typeof URL&&(d.wp=d.wp||{},d.wp.receiveEmbedMessage||(d.wp.receiveEmbedMessage=function(e){var t=e.data;if((t||t.secret||t.message||t.value)&&!\/[^a-zA-Z0-9]\/.test(t.secret)){for(var s,r,n,a=l.querySelectorAll('iframe[data-secret=\"'+t.secret+'\"]'),o=l.querySelectorAll('blockquote[data-secret=\"'+t.secret+'\"]'),c=new RegExp(\"^https?:$\",\"i\"),i=0;i<o.length;i++)o[i].style.display=\"none\";for(i=0;i<a.length;i++)s=a[i],e.source===s.contentWindow&&(s.removeAttribute(\"style\"),\"height\"===t.message?(1e3<(r=parseInt(t.value,10))?r=1e3:~~r<200&&(r=200),s.height=r):\"link\"===t.message&&(r=new URL(s.getAttribute(\"src\")),n=new URL(t.value),c.test(n.protocol))&&n.host===r.host&&l.activeElement===s&&(d.top.location.href=t.value))}},d.addEventListener(\"message\",d.wp.receiveEmbedMessage,!1),l.addEventListener(\"DOMContentLoaded\",function(){for(var e,t,s=l.querySelectorAll(\"iframe.wp-embedded-content\"),r=0;r<s.length;r++)(t=(e=s[r]).getAttribute(\"data-secret\"))||(t=Math.random().toString(36).substring(2,12),e.src+=\"#?secret=\"+t,e.setAttribute(\"data-secret\",t)),e.contentWindow.postMessage({message:\"ready\",secret:t},\"*\")},!1)))}(window,document);\n\/\/# sourceURL=https:\/\/aebanca.es\/wp-includes\/js\/wp-embed.min.js\n<\/script>\n","description":"On the occasion of 'International Banking Day', celebrated on December 4, our President, Alejandra Kindel\u00e1n, reviews the current state of the banking sector and its role in economic and social progress in this interview."}

Asociación Española de Banca

Interview with Alejandra Kindelán on Radio Intereconomía - Asociación Española de Banca

<blockquote class="wp-embedded-content" data-secret="3csRTlEzi1"><a href="https://aebanca.es/en/multimedia/interview-with-alejandra-kindelan-on-radio-intereconomia/">Interview with Alejandra Kindelán on Radio Intereconomía</a></blockquote><iframe sandbox="allow-scripts" security="restricted" src="https://aebanca.es/en/multimedia/interview-with-alejandra-kindelan-on-radio-intereconomia/embed/#?secret=3csRTlEzi1" width="600" height="338" title="&#8220;Interview with Alejandra Kindelán on Radio Intereconomía&#8221; &#8212; Asociación Española de Banca" data-secret="3csRTlEzi1" frameborder="0" marginwidth="0" marginheight="0" scrolling="no" class="wp-embedded-content"></iframe><script>
/*! This file is auto-generated */
!function(d,l){"use strict";l.querySelector&&d.addEventListener&&"undefined"!=typeof URL&&(d.wp=d.wp||{},d.wp.receiveEmbedMessage||(d.wp.receiveEmbedMessage=function(e){var t=e.data;if((t||t.secret||t.message||t.value)&&!/[^a-zA-Z0-9]/.test(t.secret)){for(var s,r,n,a=l.querySelectorAll('iframe[data-secret="'+t.secret+'"]'),o=l.querySelectorAll('blockquote[data-secret="'+t.secret+'"]'),c=new RegExp("^https?:$","i"),i=0;i<o.length;i++)o[i].style.display="none";for(i=0;i<a.length;i++)s=a[i],e.source===s.contentWindow&&(s.removeAttribute("style"),"height"===t.message?(1e3<(r=parseInt(t.value,10))?r=1e3:~~r<200&&(r=200),s.height=r):"link"===t.message&&(r=new URL(s.getAttribute("src")),n=new URL(t.value),c.test(n.protocol))&&n.host===r.host&&l.activeElement===s&&(d.top.location.href=t.value))}},d.addEventListener("message",d.wp.receiveEmbedMessage,!1),l.addEventListener("DOMContentLoaded",function(){for(var e,t,s=l.querySelectorAll("iframe.wp-embedded-content"),r=0;r<s.length;r++)(t=(e=s[r]).getAttribute("data-secret"))||(t=Math.random().toString(36).substring(2,12),e.src+="#?secret="+t,e.setAttribute("data-secret",t)),e.contentWindow.postMessage({message:"ready",secret:t},"*")},!1)))}(window,document);
//# sourceURL=https://aebanca.es/wp-includes/js/wp-embed.min.js
</script>

On the occasion of 'International Banking Day', celebrated on December 4, our President, Alejandra Kindelán, reviews the current state of the banking sector and its role in economic and social progress in this interview.
